7 divide 40999471?
False
Is 233 a factor of 36817204?
False
Is 335408941 a multiple of 1155?
False
Is 1263 a factor of 1096333257?
True
Is 811289208 a multiple of 3048?
True
Is 377 a factor of 272446785?
False
Is 168 a factor of 966332640?
True
Does 29 divide 17959497?
True
Is 268225928 a multiple of 5?
False
Does 276 divide 6391332?
True
Does 66 divide 43536702?
True
Is 882 a factor of 317788779?
False
Does 22 divide 40874396?
False
Does 377 divide 264995562?
True
Is 28 a factor of 315470624?
True
Does 131 divide 3715519?
False
Is 1071 a factor of 1128253?
False
Is 214361512 a multiple of 15?
False
Is 428 a factor of 59005364?
True
Does 61 divide 57461024?
True
Is 10 a factor of 24523860?
True
Does 267 divide 424242975?
True
Does 28 divide 84285189?
False
Is 568648131 a multiple of 371?
False
Does 50 divide 1109357198?
False
Is 1382 a factor of 319005678?
True
Is 76295890 a multiple of 71?
True
Is 26 a factor of 121137380?
True
Is 123 a factor of 683829324?
True
Does 503 divide 1626884209?
False
Is 250 a factor of 211332674?
False
Is 3 a factor of 17024930?
False
Is 912 a factor of 989511965?
False
Does 16 divide 15877405?
False
Is 39595295 a multiple of 17?
True
Does 19 divide 133190043?
False
Does 47 divide 1849350078?
True
Is 1211475384 a multiple of 257?
True
Is 432 a factor of 172895969?
False
Is 38 a factor of 5391258?
False
Is 798072992 a multiple of 21?
False
Is 36002013 a multiple of 89?
True
Is 14 a factor of 143481653?
False
Is 435061690 a multiple of 10?
True
Is 56 a factor of 5430544?
True
Does 6 divide 801147474?
True
Is 486 a factor of 2851959036?
False
Is 3455904 a multiple of 2?
True
Is 3074168 a multiple of 2?
True
Is 4 a factor of 37374060?
True
Does 191 divide 613851653?
True
Does 21 divide 349307490?
True
Is 190682360 a multiple of 96?
False
Is 316 a factor of 423478?
False
Is 690 a factor of 160151329?
False
Is 51108962 a multiple of 29?
True
Does 25 divide 1271263165?
False
Is 354 a factor of 183684228?
True
Does 92 divide 12276296?
True
Does 34 divide 62252368?
True
Is 232 a factor of 72488864?
True
Is 11322291 a multiple of 27?
False
Is 167381260 a multiple of 194?
True
Is 90022345 a multiple of 805?
True
Does 78 divide 409620432?
True
Does 138 divide 110071920?
False
Is 43 a factor of 1319310510?
False
Does 186 divide 20545932?
True
Does 37 divide 68313094?
False
Does 1046 divide 1544072066?
False
Is 8806363 a multiple of 3?
False
Is 616123111 a multiple of 4168?
False
Is 622 a factor of 90755534?
False
Is 100523085 a multiple of 15?
True
Is 469034660 a multiple of 415?
True
Is 1259 a factor of 374539910?
True
Is 8 a factor of 2632646539?
False
Is 1199571900 a multiple of 276?
True
Is 6362906625 a multiple of 30?
False
Is 16 a factor of 1695855?
False
Is 40 a factor of 52484440?
True
Does 17 divide 150059656?
False
Does 826 divide 25849670?
True
Is 13532 a factor of 880720086?
False
Is 13 a factor of 20621765?
False
Is 10011370 a multiple of 6?
False
Is 49140104 a multiple of 356?
True
Does 403 divide 20130253?
True
Is 2294091375 a multiple of 125?
True
Is 42 a factor of 2045258?
False
Does 21 divide 36817364?
False
Is 26546990 a multiple of 95?
True
Is 44 a factor of 369255480?
True
Is 26 a factor of 1215674044?
True
Is 21452300 a multiple of 50?
True
Is 655 a factor of 14198146?
False
Does 2227 divide 298607904?
False
Does 2049 divide 812440533?
False
Does 15538 divide 5168061462?
False
Is 915194142 a multiple of 26?
False
Does 162 divide 79074580?
False
Is 21083094 a multiple of 34?
True
Does 1000 divide 62608079?
False
Is 326 a factor of 524757784?
False
Is 7 a factor of 849699949?
True
Does 2322 divide 40812689?
False
Is 1584141906 a multiple of 2567?
True
Does 7 divide 122518529?
True
Is 100955166 a multiple of 39?
True
Is 72 a factor of 6153480?
True
Does 14 divide 314296836?
True
Does 191 divide 33891379?
False
Is 25742981 a multiple of 17?
True
Does 125 divide 1688416?
False
Is 12211914 a multiple of 993?
True
Does 1619 divide 172070431?
False
Does 8 divide 36676110?
False
Is 21 a factor of 25835277?
False
Is 957721756 a multiple of 478?
True
Is 22247176 a multiple of 109?
False
Does 119 divide 428360917?
False
Is 618 a factor of 250362659?
False
Is 3605685480 a multiple of 15?
True
Is 4 a factor of 66190560?
True
Is 188044216 a multiple of 38?
True
Does 52 divide 178303710?
False
Does 2065 divide 2147664719?
False
Does 19 divide 4437108?
True
Is 101 a factor of 24536031?
True
Is 418 a factor of 3844346?
True
Is 29 a factor of 7375077?
True
Is 10 a factor of 434536190?
True
Is 43 a factor of 4146155?
False
Does 13 divide 249470?
True
Is 599 a factor of 159862917?
True
Is 10 a factor of 2445876760?
True
Is 17 a factor of 15441780?
True
Does 586 divide 21881240?
True
Is 1084 a factor of 99328004?
True
Is 58 a factor of 102545977?
False
Is 304259297 a multiple of 89?
False
Is 63 a factor of 161408910?
False
Is 8921759 a multiple of 77?
True
Does 1877 divide 1904019415?
True
Does 8 divide 59129522?
False
Does 339 divide 17730777?
False
Is 97 a factor of 823627?
True
Is 7 a factor of 190786605?
False
Is 59 a factor of 2747984?
True
Is 385439041 a multiple of 55?
False
Is 80 a factor of 73305697?
False
Does 1911 divide 328049609?
False
Is 653272200 a multiple of 12?
True
Does 8 divide 13376163?
False
Is 9648540 a multiple of 363?
True
Is 267372297 a multiple of 639?
True
Is 64 a factor of 28194088?
False
Is 4573 a factor of 77453502?
False
Is 3001 a factor of 712863542?
True
Is 1187 a factor of 3542081594?
True
Is 96 a factor of 29767181?
False
Is 2 a factor of 43977?
False
Does 33 divide 89639847?
True
Is 103738050 a multiple of 13?
True
Does 54 divide 59870988?
True
Does 135 divide 13191236?
False
Does 9395 divide 2317339398?
False
Is 2497 a factor of 52099905?
True
Is 14 a factor of 55769812?
True
Does 101 divide 650633516?
True
Is 26278464 a multiple of 2328?
True
Is 4 a factor of 1942574664?
True
Does 16 divide 9440469?
False
Is 417818529 a multiple of 560?
False
Is 907980679 a multiple of 416?
False
Is 76 a factor of 115981030?
False
Is 185562209 a multiple of 7?
True
Is 26 a factor of 405663172?
False
Is 58582702 a multiple of 2438?
True
Is 36 a factor of 7237260?
True
Does 701 divide 3396262486?
False
Does 498 divide 1007482884?
True
Does 63 divide 27727308?
True
Is 2924809279 a multiple of 10?
False
Is 162293166 a multiple of 54?
True
Is 222 a factor of 9141647?
False
Is 22637182 a multiple of 593?
True
Is 43 a factor of 109326015?
False
Is 51870850 a multiple of 25?
True
Is 185 a factor of 77516079?
False
Does 14 divide 5084324?
True
Does 16 divide 21145104?
True
Does 6437 divide 906574206?
True
Is 1795154220 a multiple of 32?
False
Does 1082 divide 1211938058?
False
Is 9395300 a multiple of 3?
False
Is 414625 a multiple of 125?
True
Is 905851638 a multiple of 57?
True
Is 694 a factor of 291613248?
True
Does 10 divide 51723542?
False
Is 2310195047 a multiple of 441?
False
Does 28 divide 17509800?
True
Does 65 divide 2686429988?
False
Does 701 divide 225551652?
False
Does 3 divide 545211852?
True
Is 13473187 a multiple of 5?
False
Does 32 divide 108135968?
True
Is 37 a factor of 4965840?
False
Does 191 divide 14817862?
False
Does 17 divide 56725174?
False
Is 681 a factor of 11771078?
False
Is 394 a factor of 144563745?
False
Is 2615 a factor of 41764165?
True
Is 93106960 a multiple of 37?
False
Does 896 divide 37913344?
True
Does 100 divide 52929001?
False
Is 10761468 a multiple of 906?
True
Is 319 a factor of 3385977331?
True
Does 210 divide 3248863438?
False
Is 187451376 a multiple of 336?
True
Does 13 divide 257098881?
True
Does 1187 divide 3224430898?
True
Does 58 divide 18755309?
False
Is 47787919 a multiple of 6?
False
Does 449 divide 122593164?
True
Does 253 divide 4621797?
False
Does 36 divide 189130140?
True
Is 2292 a factor of 72690780?
True
Is 3649 a factor of 2041739604?
False
Is 56 a factor of 116357510?
False
Does 53 divide 159192501?
False
Is 2364303708 a multiple of 108?
True
Does 577 divide 35923443?
True
Is 17 a factor of 680457377?
False
Is 9743 a factor of 1368799060?
False
Is 71310505 a multiple of 1860?
False
Is 242 a factor of 3338112?
False
Does 69 divide 36315042?
False
Is 1090979575 a multiple of 35?
True
Is 270792991 a multiple of 639?
False
Is 98300385 a multiple of 967?
T